{"id":4836,"date":"2018-11-28T06:38:43","date_gmt":"2018-11-28T06:38:43","guid":{"rendered":"http:\/\/fiordestudio.com\/?page_id=4836"},"modified":"2024-04-06T19:09:14","modified_gmt":"2024-04-06T19:09:14","slug":"uruguay","status":"publish","type":"page","link":"https:\/\/fiordestudio.com\/en\/uruguay\/","title":{"rendered":"Uruguay"},"content":{"rendered":"<p style=\"padding-left: 40px; text-align: center;\">Maestranda en Cine de Am\u00e9rica del Sur (Universidad Nacional de las Artes, Argentina) y Licenciada en Comunicaci\u00f3n con \u00e9nfasis en Narraci\u00f3n Creativa (Universidad Cat\u00f3lica del Uruguay). Realiz\u00f3 estudios de Artes Visuales en Francia (Universit\u00e9 Rennes II) y es egresada del Programa de Cine de la Universidad Torcuato Di Tella. Desde 2014 desarrolla proyectos art\u00edsticos y audiovisuales que trabajan en la intersecci\u00f3n entre el cine y las artes visuales para construir relatos sobre la memoria.<br \/>\nParalelamente al desarrollo de su obra trabaja como fot\u00f3grafa especializada en el registro de obras de artes visuales. En 2018 se une a Fi\u00f8rd Estudio, productora de arte y contenidos, para desarrollar piezas audiovisuales en colaboraci\u00f3n con artistas, galer\u00edas, museos y fundaciones culturales.<br \/>\nHa trabajado como mentora de proyectos cinematogr\u00e1ficos, actuado como jurado en festivales internacionales y ha sido docente invitada en la Escuela Internacional de Cine y TV de San Antonio de los Ba\u00f1os (EICTV) y en la Universidad Torcuato di Tella, entre otras.<br \/>\nActualmente vive y trabaja entre Madrid y Montevideo<\/p>","protected":false},"excerpt":{"rendered":"<p>Maestranda en Cine de Am\u00e9rica del Sur (Universidad Nacional de las Artes, Argentina) y Licenciada en Comunicaci\u00f3n con \u00e9nfasis en Narraci\u00f3n Creativa (Universidad Cat\u00f3lica del Uruguay). Realiz\u00f3 estudios de Artes Visuales en Francia (Universit\u00e9 Rennes II) y es egresada del Programa de Cine de la Universidad Torcuato Di Tella. Desde 2014 desarrolla proyectos art\u00edsticos y [&hellip;]<\/p>\n","protected":false},"author":5,"featured_media":0,"parent":0,"menu_order":0,"comment_status":"closed","ping_status":"closed","template":"","meta":{"footnotes":""},"class_list":["post-4836","page","type-page","status-publish","hentry"],"_links":{"self":[{"href":"https:\/\/fiordestudio.com\/en\/wp-json\/wp\/v2\/pages\/4836","targetHints":{"allow":["GET"]}}],"collection":[{"href":"https:\/\/fiordestudio.com\/en\/wp-json\/wp\/v2\/pages"}],"about":[{"href":"https:\/\/fiordestudio.com\/en\/wp-json\/wp\/v2\/types\/page"}],"author":[{"embeddable":true,"href":"https:\/\/fiordestudio.com\/en\/wp-json\/wp\/v2\/users\/5"}],"replies":[{"embeddable":true,"href":"https:\/\/fiordestudio.com\/en\/wp-json\/wp\/v2\/comments?post=4836"}],"version-history":[{"count":11,"href":"https:\/\/fiordestudio.com\/en\/wp-json\/wp\/v2\/pages\/4836\/revisions"}],"predecessor-version":[{"id":5593,"href":"https:\/\/fiordestudio.com\/en\/wp-json\/wp\/v2\/pages\/4836\/revisions\/5593"}],"wp:attachment":[{"href":"https:\/\/fiordestudio.com\/en\/wp-json\/wp\/v2\/media?parent=4836"}],"curies":[{"name":"wp","href":"https:\/\/api.w.org\/{rel}","templated":true}]}}

<p style="padding-left: 40px; text-align: center;">Maestranda en Cine de América del Sur (Universidad Nacional de las Artes, Argentina) y Licenciada en Comunicación con énfasis en Narración Creativa (Universidad Católica del Uruguay). Realizó estudios de Artes Visuales en Francia (Université Rennes II) y es egresada del Programa de Cine de la Universidad Torcuato Di Tella. Desde 2014 desarrolla proyectos artísticos y audiovisuales que trabajan en la intersección entre el cine y las artes visuales para construir relatos sobre la memoria.<br />
Paralelamente al desarrollo de su obra trabaja como fotógrafa especializada en el registro de obras de artes visuales. En 2018 se une a Fiørd Estudio, productora de arte y contenidos, para desarrollar piezas audiovisuales en colaboración con artistas, galerías, museos y fundaciones culturales.<br />
Ha trabajado como mentora de proyectos cinematográficos, actuado como jurado en festivales internacionales y ha sido docente invitada en la Escuela Internacional de Cine y TV de San Antonio de los Baños (EICTV) y en la Universidad Torcuato di Tella, entre otras.<br />
Actualmente vive y trabaja entre Madrid y Montevideo</p>

<p>Maestranda en Cine de América del Sur (Universidad Nacional de las Artes, Argentina) y Licenciada en Comunicación con énfasis en Narración Creativa (Universidad Católica del Uruguay). Realizó estudios de Artes Visuales en Francia (Université Rennes II) y es egresada del Programa de Cine de la Universidad Torcuato Di Tella. Desde 2014 desarrolla proyectos artísticos y [&hellip;]</p>
